{"id":201,"date":"2017-02-01T11:50:20","date_gmt":"2017-02-01T11:50:20","guid":{"rendered":"https:\/\/industrial.themechampion.com\/?page_id=201"},"modified":"2023-05-14T08:38:30","modified_gmt":"2023-05-14T08:38:30","slug":"our-services","status":"publish","type":"page","link":"https:\/\/ayprotech.com\/?page_id=201","title":{"rendered":"Serv\u0131ces"},"content":{"rendered":"<section class=\"wpb-content-wrapper\"><p>[vc_row row_type=&#8221;row_full_center_content&#8221; class=&#8221;image_sec&#8221; el_class=&#8221;service-tab-box&#8221; css=&#8221;.vc_custom_1634218515344{padding-top: 0px !important;padding-bottom: 100px !important;}&#8221;][vc_column width=&#8221;7\/12&#8243; el_class=&#8221;left=ser resp-sol&#8221;][vc_column_text el_class=&#8221;h6_class&#8221;]<\/p>\n<h1>expert\u0131se \u0131n \u0131ndustr\u0131al solut\u0131on<\/h1>\n<p class=\"none\">Our team of experts has deep knowledge and experience in a variety of industrial solutions, including process automation, control systems engineering, industrial robotics, and system integration. We work closely with our clients to understand their specific needs and requirements, and we use our expertise to design and implement customized solutions that meet those needs.<\/p>\n<p>[\/vc_column_text][ind_brochure_button btntitle=&#8221;DOWNLOAD BROCHURE&#8221;][\/vc_column][vc_column width=&#8221;5\/12&#8243; el_class=&#8221;resp-img-sol&#8221;][vc_single_image image=&#8221;1159&#8243; img_size=&#8221;full&#8221; alignment=&#8221;right&#8221; el_class=&#8221;display-none&#8221;][\/vc_column][\/vc_row][vc_row full_width=&#8221;stretch_row&#8221; row_type=&#8221;row_full_center_content&#8221; css=&#8221;.vc_custom_1634218818355{padding-top: 100px !important;padding-bottom: 100px !important;background-color: #f6f6f6 !important;}&#8221; el_class=&#8221;our-services&#8221;][vc_column][ind_custom_heading heading=&#8221;OUR SERVICES&#8221; colored_line=&#8221;yes&#8221;][ind_our_services number=&#8221;6&#8243; column=&#8221;3&#8243;][\/vc_column][\/vc_row][vc_row row_type=&#8221;row_full_center_content&#8221; el_class=&#8221;our-client&#8221; css=&#8221;.vc_custom_1634218900587{padding-top: 100px !important;padding-bottom: 0px !important;}&#8221;][vc_column][ind_custom_heading heading=&#8221;OUR CLIENTS&#8221; colored_line=&#8221;yes&#8221;][ind_client_listing layout=&#8221;carousel&#8221; carousel_autoplay=&#8221;yes&#8221; column=&#8221;6&#8243;][\/vc_column][\/vc_row]<\/p>\n<\/section>","protected":false},"excerpt":{"rendered":"<p>[vc_row row_type=&#8221;row_full_center_content&#8221; class=&#8221;image_sec&#8221; el_class=&#8221;service-tab-box&#8221; css=&#8221;.vc_custom_1634218515344{padding-top: 0px !important;padding-bottom: 100px !important;}&#8221;][vc_column width=&#8221;7\/12&#8243; el_class=&#8221;left=ser resp-sol&#8221;][vc_column_text el_class=&#8221;h6_class&#8221;] expert\u0131se \u0131n \u0131ndustr\u0131al solut\u0131on Our team of experts &#8230;<\/p>\n","protected":false},"author":1,"featured_media":0,"parent":0,"menu_order":0,"comment_status":"closed","ping_status":"closed","template":"","meta":{"_mi_skip_tracking":false,"_monsterinsights_sitenote_active":false,"_monsterinsights_sitenote_note":"","_monsterinsights_sitenote_category":0,"footnotes":""},"aioseo_notices":[],"_links":{"self":[{"href":"https:\/\/ayprotech.com\/index.php?rest_route=\/wp\/v2\/pages\/201"}],"collection":[{"href":"https:\/\/ayprotech.com\/index.php?rest_route=\/wp\/v2\/pages"}],"about":[{"href":"https:\/\/ayprotech.com\/index.php?rest_route=\/wp\/v2\/types\/page"}],"author":[{"embeddable":true,"href":"https:\/\/ayprotech.com\/index.php?rest_route=\/wp\/v2\/users\/1"}],"replies":[{"embeddable":true,"href":"https:\/\/ayprotech.com\/index.php?rest_route=%2Fwp%2Fv2%2Fcomments&post=201"}],"version-history":[{"count":4,"href":"https:\/\/ayprotech.com\/index.php?rest_route=\/wp\/v2\/pages\/201\/revisions"}],"predecessor-version":[{"id":1162,"href":"https:\/\/ayprotech.com\/index.php?rest_route=\/wp\/v2\/pages\/201\/revisions\/1162"}],"wp:attachment":[{"href":"https:\/\/ayprotech.com\/index.php?rest_route=%2Fwp%2Fv2%2Fmedia&parent=201"}],"curies":[{"name":"wp","href":"https:\/\/api.w.org\/{rel}","templated":true}]}}